 - -3) + (6 + -6 - 3)?
-7
Evaluate -4 - (2 - 2 - 11) - 5.
2
Evaluate -9 + (3 - -5) - 3 - -5.
1
What is (4 - (0 - -2)) + (221 - 219)?
4
What is -4 + (2 - -8 - 3)?
3
Evaluate 3 - (-3 + -4 + 2 - -3).
5
Evaluate 90 + -99 - (-1 + (-9 - -2)).
-1
-6 + 4 + 1 - -2 - 2
-1
-5 + 11 + 5 - 6
5
Evaluate 4 - (10 + (-4 - (5 - 4))).
-1
-16 - -28 - (4 + 0)
8
What is -15 - -22 - (1 + 1)?
5
Calculate 5 - 7 - -1 - (1 - 0).
-2
(-2 - 1) + (4 - (2 - -4))
-5
What is -26 + 22 + 2 + -5?
-7
What is -7 - -11 - -3 - (7 + -8)?
8
-15 + 13 - (0 + -1)
-1
What is the value of -1 - -5 - (17 - 9)?
-4
Evaluate 14 + -21 + (0 - -2) + 1.
-4
What is (-2 - -3 - -7) + (3 - 6)?
5
6 - ((2 - 2 - -7) + -8)
7
Calculate -5 - (13 + -12) - (-1 - 6).
1
What is the value of -9 + 18 + 2 + -17?
-6
Calculate -2 + -2 - (-3 + -1).
0
Evaluate 0 - ((-7 - -17) + -3).
-7
Evaluate 4 + (-1 - ((-3 - -3) + 2)).
1
What is (-2 - (-3 + 6)) + 3?
-2
What is (10 - (1 + 8)) + -10?
-9
Evaluate 10 - 2 - (3 + 11).
-6
-3 + 0 - (9 - 12)
0
Calculate 13 + 1 + -8 - 3.
3
What is -2 - (4 - 8) - 3?
-1
What is -3 + (-5 - -12) + -1?
3
What is the value of -18 - -22 - (8 + -2)?
-2
Evaluate (-1 - 3) + (-4 - -4).
-4
What is the value of (1 + -6 - -6 - 6) + 2?
-3
What is 4 + -2 - 3 - 1?
-2
What is the value of (4 - 7) + 3 - (10 - 4)?
-6
What is the value of 1 + 6 + (5 + -11 - -2)?
3
Evaluate (-14 - (-8 + -12)) + -11.
-5
-1 - (3 - (5 - -4))
5
What is -7 + -2 + 10 + -1?
0
What is (3 - 9) + 1 + 0 + 2?
-3
What is (-1 - (1 + -3)) + 4?
5
What is 0 - -1 - (-56 - -59)?
-2
What is the value of 8 - 1 - 2 - (321 - 315)?
-1
3 - -1 - (-6 - -4 - -3)
3
Calculate 12 - 3 - (-1 - -6).
4
What is (10 - 20) + 22 - 9?
3
(-5 - 0) + 10 + 1 - 5
1
Evaluate -7 + (-3 - 1 - -7) + -2.
-6
What is 4 - (-2 + 1) - 0 - 8?
-3
What is -2 + -1 + 4 + -2 - -1?
0
What is -1 - 3 - (8 - 9)?
-3
Calculate -5 + (-2 - (-5 + (3 - -2))).
-7
Evaluate -3 + -7 + 2 + 4.
-4
Calculate 2 + 2 + -4 - 4.
-4
Calculate 5 - (-2 - -1) - 0.
6
Evaluate 1 + 0 + (0 - -5) + 3.
9
What is the value of (12 + -6 - 4) + -5?
-3
Evaluate -1 + (0 - -5 - 3) - -2.
3
What is (1 - 1) + 3 - (10 - 13)?
6
Evaluate (27 - 13) + -2 - 21.
-9
4 + (-6 + 3 - 2)
-1
What is the value of 10 + (12 - (13 - -10))?
-1
Calculate -3 - (0 - (-1 - (2 + -1))).
-5
Calculate 12 + -3 - (-13 + 28).
-6
Calculate -2 - (-3 - -3) - -6 - 3.
1
-5 + 5 + 4 + 0
4
Calculate 3 - (17 + (2 - 9)).
-7
16 + -10 + (-7 - -3) + 5
7
What is the value of (9 - (-6 - -10) - -3) + 0?
8
Calculate -1 - (1 + 11 + (4 - 8)).
-9
Calculate 2 - (5 + (-1 - 6)).
4
2 + (0 - -5 - (7 - 1))
1
Calculate 20 - 15 - (5 - -2).
-2
(6 - 8) + -3 + -3 + 6
-2
Calculate 3 + 4 + -6 + -2 + 1.
0
Calculate 0 + (6 - (-6 + 13)).
-1
What is the value of (-6 - (-4 + 0)) + -2 - -2?
-2
-2 + (16 - 5) + -1
8
What is 2 - (2 + 2 + 1)?
-3
What is -11 + 11 - (1 + 0)?
-1
Calculate (0 - 4) + (8 + -3 - 6).
-5
What is the value of -2 - 3 - (2 - 6)?
-1
-5 - (4 + (-4 - 2))
-3
Calculate -12 - (-10 - (1 - 7)).
-8
What is -8 + 14 + -9 + 1?
-2
What is the value of 0 + 3 - (3 - 4 - 0)?
4
What is -2 + 4 + -1 + -14 + 9?
-4
What is the value of (-2 - -2) + -1 + 3?
2
What is 13 + -6 + -1 + -12 - -13?
7
Calculate 0 + (-1 - 3 - 0).
-4
What is (-1 - (-4 - -1)) + -3?
-1
(16 + -6 - 8) + 2 + 0
4
What is the value of 12 + (-9 - -10) + -7?
6
(-5 - (1 + -1 - 5)) + -1
-1
What is -1 + (-2 + 6 + -3 - 2)?
-2
Calculate 73 + -76 - (-6 + 1).
2
Calculate 5 - 1 - (-5 + 5 + 6).
-2
What is the value of -10 + 0 - (-41 - -33)?
-2
Evaluate 11 + -6 + -1 - 4.
0
2 + 0 - (0 - -2 - -3)
-3
What is the value of -3 + (5 - 8) + 2?
-4
Evaluate (7 - (1 + 0)) + (-17 - -13).
2
What is -2 - ((-3 - (-7 - -3)) + -6)?
3
What is the value of 9 + (-1 - 1) + -2?
5
Calculate -6 + 6 + 2 + -5.
-3
Calculate (-7 - -7 - -12) + -7.
5
What is the value of 3 - 5 - (5 + -3)?
-4
Evaluate 3 - (-1 + (4 - 2)).
2
Calculate 8 - -1 - 6 - (6 + -2).
-1
Evaluate (-3 - (-10 - -3)) + 1.
5
What is the value of -5 + 8 + (0 - 4) + 1?
0
Calculate (-1 - 5) + -1 - (-4 - 9).
6
Evaluate -3 - (-1 - -4) - (1 + -2).
-5
Evaluate -18 + 14 + (4 - 0).
0
Calculate -4 - (1 + -3) - 2.
-4
What is the value of 5 + 8 + -16 + 8?
5
1 + (3 - (-4 + (-1 - -4)))
5
What is -7 + -1 + 5 + 5?
2
What is (-14 - -21) + (5 - 4)?
8
What is the value of 10 + -16 - (-4 + -6)?
4
What is the value of (-4 - (-2 + 4)) + 5 + -2?
-3
0 + 6 + 1 + (1 - 8)
0
2 - (4 - 3) - (-7 - -16)
-8
What is 9 + -5 + (-12 - -12)?
4
Evaluate -3 + 1 + 1 + (-5 - -2).
-4
-2 - (-4 - 1) - -5 - 16
-8
What is the value of 5 - (5 + -3) - -2?
5
Calculate 1 + (13 - (-8 + 19)).
3
Evaluate 6 + (-4 - (3 + -5)).
4
What is the value of -7 + -2 + -3 + 9?
-3
Calculate -2 + (0 - 2 - 1) + 7.
2
What is the value of -29 + 31 + -4 + -1?
-3
Calculate -5 - -8 - (4 + -8).
7
Evaluate 13 - 18 - (4 - 7).
-2
Calculate -6 + 10 + (-7 - 3 - -1).
-5
What is 0 + -2 + 4 - 0?
2
What is (5 - -1) + -2 - 2?
2
Evaluate (-8 - 0 - 0) + 6.
-2
4 + (0 - (-1 + 1 + 3))
1
What is the value of -4 + (0 + 3 + 3 - -3)?
5
Calculate -1 - (-5 - -7 - 8).
5
Calculate 3 - (-1 - (2 + -1)).
5
What is the value of 11 - (-6 + 1 + 9)?
7
-2 - -1 - (25 - 31)
5
(0 - 5) + 2 + 1
-2
What is -11 + (7 + 4 - 9)?
-9
Calculate 9 - 4 - (2 - 8 - -4).
7
Evaluate 4 + -1 + 6 + (3 - 7).
5
-3 - (-3 - 1) - (5 - 2)
-2
What is the value of 8 + (-3 - 2) - 1?
2
Evaluate (1 - 6) + (32 - 29) + 1.
-1
Evaluate 12 - 6 - (-5 - -8).
3
What is (-30 + 14 - -15) + 4 + -1?
2
What is -3 + 5 - (10 - 2) - 1?
-7
What is the value of -1 + -5 + (-5 - -4)?
-7
1 + (3 - 9) + (10 - 2)
3
What is -19 - -9 - (-4 + (-6 - -4))?
-4
(-2 - 0) + (9 - 8) + 2
1
Evaluate -2 - (-8 + 15 + -9).
0
(-4 - -5) + -9 - -8
0
What is the value of (-7 - -5 - (-3 + -4)) + 0?
5
What is the value of (-5 - (-2 - 1)) + 1?
-1
Evaluate 2 + -1 - (-4 + (-3 - -4)).
4
Calculate -7 + 7 + 1 + -1.
0
What is -1 - -1 - 0 - -1?
1
What is the value of -4 + (-10 + (6 - 1) - -13)?
4
Calculate 1 - (-8 + -8 + (22 - 7)).
2
What is the value of -10 + 2 + 2 - (9 + -17)?
2
Calculate -2 + -2 + 3 + 0.
-1
(4 - (-3 - -4)) + 1
4
Calculate 6 - (-6 + 1) - 8.
3
What is the value of -18 + 9 + -5 + 5?
-9
Evaluate 4 - 1 - (1 + -2).
4
What is the value of -1 - -9 - (4 + (-4 - -6))?
2
What is the value of -2 - -1 - -1 - (8 - 4)?
-4
Calculate -6 + 8 - 8 - (-4 + 1).
-3
2 - -2 - (-5 + 4)
5
Calculate 0 + 2 - -2 - 8 - -6.
2
(-2 - -3 - 0) + (1 - 3)
-1
Calculate -14 + 7 + 6 + -6.
-7
Calculate -5 - -4 - (0 + -11).
10
What is 6 + (6 - (15 + -13 + 6))?
4
What is 0 - ((-3 - 2) + -14 + 19)?
0
Evaluate (5 - 1) + (-7 + 2 - 2).
-3
4 - (4 - (-1 + (-4 - -4)))
-1
Evaluate 0 - ((3 - (-2 - -6)) + 3).
-2
Evaluate 3 + -3 + (-7 - -2).
-5
What is -6 + (-9 - -6) + -2 + 6?
-5
What is the value of -1 + -2 + 3 + 1?
1
Calculate -10 + (-4 - (-12 + 4)).
-6
(-6 - -6) + 1 + (5 - 2)
4
Evaluate 1 + 2 + -21 + 26.
8
What is the value of 0 - 0 - (3 - -6)?
-9
Calculate -7 + (-1 - (-2 - -1)) + 3.
-4
What is the value of -2 - 5 - (2 - 5)?
-4
What is -10 - (5 + (-1 - 9))?
-5
What is (15 + 5 - 19) + (2 - 1)?
2
What is the value of (2 + -5 - -6) + 0?
3
Calculate (-8 - (0 + -4)) + 1 - -9.
6
12 + -6 + 2 - 9
-1
Calculate -8 - (4 - 1 - 1 - 5).
-5
Calculate 3 + 0 + (25 + -9 - 17).
2
What is the value of 9 + (4 - (-2 - -9))?
6
Calculate -14 - (19 + -10 - 18).
-5
Evaluate (22 - 18) + (0 - 0).
4
What is 0 - -2 - (2 + (-3 - 0))?
3
Evaluate -2 + -2 + 1 + -4 + 6.
-1
What is 1 - (2 + (-6 - -4))?
1
What is -12 + -2 + (4 + 1 - -2)?
-7
Calculate (1 - 1) + -2 + (-1 - -6).
3
-2 + 0 + (4 - 0) - 2
0
What is the value of (-4 - (-23 - -16)) + -1 + 2?
4
(-3 - -3) + 0 + 2 + 3
5
Evaluate 19 + -22 - (1 + -1 + -12).
9
What is -3 + 3 + 9 + (-3 - 2)?
4
What is the value of (-14 - -3) + 11 + -4 + -4?
-8
What is 2 + -1 + -2 + -2?
-3
What is 1 - 0 - (19 + -16)?
-2
What is the value of -5 - (25 - 23 - (1 - -1))?
-5
-4 - 2 - (-2 + 1)
-5
What is 1 - 3 - -3 - (28 + -36)?
9
(8 - 5) + -9 + 3
-3
What is -1 + 0 + (-2 - 2) + 4?
-1
Calculate 5 + -18 + 5 + 9.
1
Evaluate 0 + (-3 - (-1 - (4 - -2))).
4
What is the value of -3 - ((-1 - -2) + -7)?
3
-4 + 5 + (-7 - -8)
2
Calculate 2 - (0 - 1) - (2 + 1).
0
Evaluate (0 - 0 - 4) + (0 - -2).
-2
-32 - -38 - (7 + 0)
-1
1 + (-2 - 4) + 3
-2
What is the value of 2 - 6 - ((-8 - -8) + -7)?
3
Evaluate (-2 - 1 - (10 + -12)) + 3.
2
Calculate -3 + 5 + 45 + -39.
8
-3 - (-3 + 4) - -4
0
Evaluate -14 + 10 - (-2 - 3 - 0).
1
Evaluate 0 - (4 + -11) - -1.
8
(-1 + 0 -